lculate -11 + 0 + 1 + 4.
-6
Evaluate 4 + (5 - 6) + -4.
-1
What is the value of -1 - (-7 + (-5 - -5))?
6
-6 + (1 - (2 - -6)) + 8
-5
What is the value of 5 + -2 + (4 - 2)?
5
12 - (26 + -22 - (-3 + 1))
6
What is -2 + 0 - (-7 + 1) - 5?
-1
What is the value of 5 - (-2 + (4 - 1))?
4
Evaluate 0 + -1 - (-6 + 8).
-3
What is the value of -3 + 7 - (-4 - -11)?
-3
-9 - (-5 + 11 - 17)
2
What is (-5 - -19) + -7 + 0?
7
What is 2 + -2 + -5 - -15?
10
Calculate -13 + 11 - (0 + -4).
2
Calculate -9 - (2 + -9 - 0) - -6.
4
-1 + 3 - (8 - (-7 - -15))
2
Evaluate -3 + 2 + -1 + (-5 - 0).
-7
-6 - (-8 + 9 - (-1 + 4))
-4
Evaluate -1 - -1 - (3 - (5 - 5)).
-3
Evaluate -3 + 2 - (3 + -18 - -10).
4
Calculate (49 - 54) + (0 - 2).
-7
Calculate 3 - 7 - (-13 - -13).
-4
What is the value of -14 + 18 + 15 + -11?
8
Calculate -5 - -4 - (-2 + 1).
0
Evaluate 2 + (-10 - (-1 + -7)).
0
Calculate (3 + -1 - (2 - -2)) + 0.
-2
What is (-3 - (6 - 7)) + -1?
-3
Evaluate -19 - ((-9 - 4) + 3).
-9
Calculate 1 + -13 + (1 - -5).
-6
Calculate -13 - (-5 + 3 + 1 + -2).
-10
What is -5 + (-5 - -5 - -4) - -5?
4
What is 2 + (-3 + 0 - (4 + -5))?
0
Evaluate -2 - (-9 - -10) - (-7 + 1).
3
Calculate (4 - 0) + 2 + -5 + -5.
-4
What is -2 + 1 + 1 + 0 + 1?
1
-5 + 10 + 1 - 2
4
Evaluate (18 - 36 - (-6 - -1)) + 6.
-7
What is -2 + 8 - 0 - (17 + -16)?
5
What is the value of -2 - 8 - (-6 - -2)?
-6
(1 + 0 - -1) + 1
3
What is 3 - (-1 + 1 - (23 + -26))?
0
-4 + 24 + -23 + -5 + -1
-9
What is the value of -9 + 0 + 1 - (304 + -306)?
-6
-2 + 1 + (14 - 12) - 3
-2
What is -1 + 2 + -1 + 0?
0
What is the value of 3 - (-7 - (-1 + -4))?
5
Calculate 5 - (5 + (-5 - 0)).
5
What is the value of 4 - 7 - -8 - 1?
4
Evaluate -11 - -20 - 5 - (-8 - -2).
10
What is -5 - (1 + -9 + (87 - 75))?
-9
Calculate -14 - (3 + -3 - (-7 - -13)).
-8
1 - (4 - 5) - 2
0
What is 1 + (-2 - 4) + 0?
-5
Evaluate -9 + 11 + -5 + -1 + 6.
2
What is -5 + (-12 - -8) - -7?
-2
What is (-3 - -1 - -2) + 1?
1
Evaluate -6 + -1 + 6 - 3.
-4
Evaluate -7 + 5 + 5 + 0.
3
What is -1 - (-7 + 5 + 6)?
-5
Evaluate -1 + (1 - (-2 - 2)).
4
Calculate -40 + 45 + -10 + -1.
-6
What is the value of 1 + -6 - (-7 + 1 - -4)?
-3
Evaluate 1 + -1 - (5 + -9 + 9).
-5
What is -2 + (3 - (0 + -7)) + -5?
3
-1 - (3 + (-4 - 1))
1
What is the value of 5 - (0 + 3 + (6 - 9))?
5
What is the value of 2 - 16 - (-7 + -1)?
-6
What is -3 - (4 - (1 - -5))?
-1
Evaluate 2 + -3 - (-2 - (-4 - -2)).
-1
Calculate 1 - ((3 - 3 - 1) + 1).
1
Evaluate -3 - 0 - (24 + -29).
2
What is -1 - (0 + 3 - 2)?
-2
Evaluate (-9 - 1) + (-24 - -30).
-4
What is the value of -1 - ((-2 - -2) + (-1 - 2))?
2
-6 + (13 - 8) + (4 - -6)
9
What is the value of 1 + (15 - 6 - 4)?
6
What is the value of (4 - 0) + 0 - -1?
5
What is the value of (2 - -6) + -6 + 5?
7
Calculate -3 + 4 - 8 - -4.
-3
What is the value of 7 - (-2 + 7 + 2)?
0
Calculate 5 - (-3 + (16 - (-4 + 8))).
-4
What is the value of 6 + 7 + -11 + 0 + -6?
-4
Calculate -1 - 12 - (2 + -13).
-2
(-7 - (-10 - -5) - 3) + 4
-1
What is -2 + -3 + 6 + -2 + 4?
3
What is the value of 0 - (-1 - 0) - (-1 - -6)?
-4
What is (-1 - (0 + -4 + -2)) + -8?
-3
-2 + 3 - -4 - 11
-6
What is 0 + 5 + -6 - 0?
-1
Evaluate (13 - 14 - 0) + 1 + 0.
0
Calculate 5 - (10 - (4 - 1) - -2).
-4
What is the value of 0 + (0 - -2 - 3) - 1?
-2
-1 - 0 - (6 + -6 + -4)
3
5 - 0 - 2 - -2
5
Evaluate 2 + (11 + -12 - 4).
-3
What is -6 + 3 - -4 - (9 + -5)?
-3
-4 + -1 + (-3 - -7)
-1
Calculate -4 + (-1 - -2) + -1.
-4
Evaluate 0 + (6 - (7 - 5)).
4
What is the value of -3 + 3 + -4 - (0 + -1)?
-3
Calculate -2 - (-5 - (-5 - -5)).
3
What is the value of 14 + -8 + -5 + 2?
3
What is -1 - (0 + -4) - 1?
2
What is (1 + -2 - -6) + (6 - 6)?
5
Evaluate 5 - ((-1 - -2) + 4).
0
Evaluate (5 - 2) + (3 - (-1 - -3)).
4
What is 0 + (6 - 8) - (0 + -7)?
5
(2 - 11) + (11 - 2)
0
(7 - 20 - -7) + 10
4
Evaluate (-5 + 3 - 2) + 11 + -7.
0
Evaluate 7 + -10 - (-2 - -1).
-2
What is 7 + 11 + 13 + -23?
8
-1 + (-2 - (-2 + (3 - 3)))
-1
What is (-8 - (-13 + 8)) + 4?
1
Calculate 8 + -20 + -2 + 8.
-6
What is 11 + 5 - (5 - -8)?
3
What is the value of (-5 - (0 + -3) - 2) + 1?
-3
Calculate 4 - (2 - 1 - 2).
5
What is -2 + (10 - 8) - -3?
3
-1 - ((1 - 2) + (-8 - -4))
4
Calculate 1 - (-9 + 9) - (2 + 0).
-1
What is the value of 0 - 0 - 2 - 0?
-2
-3 - -4 - (-3 - -1) - 1
2
What is the value of 5 + 0 + -20 - -5?
-10
Evaluate -5 + (-3 - -5) + -1.
-4
What is the value of 0 + (6 - (-7 - -8))?
5
(-3 - 1) + 2 + -2
-4
2 + 2 + 2 + -3 - -1
4
Calculate -4 + (4 - (3 + 4 + -8)).
1
What is 1 - 1 - (9 + -9)?
0
Evaluate -11 - (-8 - -9) - -15.
3
What is -2 + 2 + 2 + 4 - 12?
-6
Evaluate -6 - ((3 - 2) + 5 - 18).
6
What is the value of -32 - -37 - (2 - -7)?
-4
4 - (7 + -2 + 4 + 0)
-5
What is -7 + (4 - 2) - -11 - 2?
4
What is 2 - ((4 - -6) + -5)?
-3
Calculate (-6 - -5) + (-5 - -1) + 0.
-5
Evaluate -3 - (1 + (-2 - (-4 - -4))).
-2
Evaluate -4 + (0 - -2 - -2).
0
Calculate -8 + (3 - 8) + 8 - -7.
2
What is the value of (8 - -13 - 10) + -2?
9
What is the value of 3 - ((0 - 3) + 2)?
4
9 - 6 - (1 + -1)
3
Evaluate 21 + -18 + 1 + -1 + -5.
-2
Evaluate -1 + -3 + 10 + -11 - 0.
-5
What is -10 + (12 - (-5 + -1))?
8
4 + -2 + 6 + -5
3
(0 - 5) + (-3 - (0 - 7))
-1
What is 3 + -7 + 2 + 5?
3
What is the value of -4 - (2 + (-5 + 1 - 0))?
-2
(-158 - -161) + (1 - 9 - 1)
-6
What is -41 + 45 - (14 - 0 - 2)?
-8
5 + (7 - 19) + 5
-2
What is -5 + 8 - (-1 - -7) - 1?
-4
What is 10 - (3 + -2 - -5)?
4
Calculate -6 + 4 - -3 - (4 - 8).
5
What is the value of (0 - (9 + 1 + -5)) + 3?
-2
Calculate 4 - (3 - (0 + -5)) - -4.
0
3 - (3 + (4 - (-1 - -2)))
-3
12 + (-5 + -1 - -6) + -6
6
What is -6 + (2 - -4) + 1?
1
What is the value of 11 - (-6 + 1 + 13)?
3
Calculate 5 - (-1 - (3 - (-1 + 3))).
7
Calculate 0 + (-12 - -12) + (-5 - -1).
-4
What is 1 + 1 + -11 - (-53 + 50)?
-6
What is 4 + 2 - (23 + -19)?
2
-4 - (-2 - 0 - -2)
-4
Evaluate -7 - (7 + (-13 - -4)).
-5
What is 10 - 4 - (0 + 1)?
5
What is the value of -14 + 10 - (-1 - (-2 - 0))?
-5
Calculate -3 - 0 - (-2 + -6 + 1).
4
Calculate (3 - (1 - -2)) + -2 + -2.
-4
3 - 0 - (-12 - -16)
-1
Evaluate (-2 - -7) + -13 + 14.
6
Calculate 29 - 35 - (2 + -2).
-6
What is 6 + 5 - (11 - 10)?
10
6 - 0 - (-4 - (-3 + -16))
-9
-10 + 5 - (-2 + 1)
-4
What is (-25 - -27) + 5 + 0 - 7?
0
Calculate -6 + (-9 - -17) + (-4 - -1).
-1
What is the value of 5 + (-3 - 7) - -11?
6
(7 - 3) + (-2 - 6)
-4
What is 7 + -3 - (9 - (8 - 3))?
0
Evaluate -12 - ((-8 - -4) + -4).
-4
-1 - (3 + 1) - -2
-3
Calculate -3 - 4 - (-7 - (7 + -10)).
-3
Calculate -2 - (9 + -1 + -13).
3
What is -2 - -1 - (-9 + 19 + -16)?
5
What is (-1 - 4) + (18 - 17)?
-4
-1 + (-9 - -8) - -8
6
-4 + -2 + 12 - -1
7
What is the value of 8 - ((7 - 4) + 0) - 4?
1
0 + 2 + -3 + (5 - 8)
-4
What is -5 + 1 + (9 - 8) + 0?
-3
Calculate (10 - 3) + -2 + (4 - 4).
5
-22 + 12 + 10 + 1
1
Evaluate 1 + (1 - 1) - 4.
-3
What is (1 + -13 - -7) + (-1 - -5)?
-1
(-2 - (-2 + 5)) + 3
-2
Calculate (12 + 4 - 8) + -1.
7
Evaluate -2 - 2 - (-7 - 1).
4
Evaluate -1 + (0 - -3) + 0.
2
Evaluate (6 + -16 - 0) + 0 + 7.
-3
What is the value of -3 + 11 + (5 - 21)?
-8
What is the value of -2 + 4 + (-3 - -6) + -4?
1
Calculate (3 + -6 - -4) + -5.
-4
Evaluate -9 - -5 - 3 - (-1 + 2).
-8
Evaluate -1 - (-3 - (-1 + 3)).
4
Evaluate 0 + 2 + -1 + 2 + -1.
2
What is the value of (5 - (7 - 1)) + -5?
-6
Evaluate 2 - ((4 - (2 + 3)) + -3).
6
What is the value of 5 + -6 - 4 - (3 + -11)?
3
What is the value of -7 + 2 + 0 - (-6 + 4)?
-3
Evaluate 1 + (5 - 3 - -1) + -3.
1
Evaluate 1 + -4 + (7 - 12).
-8
1 + 0 + -38 + 35
-2
What is 8 + 5 + -8 - 12?
-7
Evaluate 1 + 7 - (-13 + 17).
4
What is the value of (17 - 12) + (-7 - (4 + -6))?
0
2 + (-4 - (3 - 2)) + 0
-3
What is 6 + 6 + -9 + -3?
0
What is 1 - (4 + -9 + 4 + 3)?
-1
What is -10 - (0 + (7 - 6)) - -3?
-8
What is 108 - 123 - (-6 + -2)?
-7
Calculate -11 + 10 - (16 - 7).
-10
-2 - (-7 - (-3 - (-3 - -1)))
4
What is the value of -8 - (1 - 8 - 1)?
0
What is the value of -1 + 5 - (11 - 2)?
-5
What is the value of -3 + (2 + -4 - -2) - -1?
-2
What is the value of -2 - 2 - (6 - 6)?
-4
What is 19 - 22 - (3 + -2)?
-4
Calculate (5 - 5) + -2 + 3.
1
Evaluate 7 - (5 - 5) - (2 - -3).
2
-19 - -39 - (7 - -4)
9
5 + (-9 - -15 - (15 - -1))
-5
Calculate 7 - (-11 + -3 + 10 - -7).
4
What is 8 + -2 - (2 - -2 - -5)?
-3
Calculate -3 + (-5 - -1 - (4 + -17)).
6
Evaluate -12 + 1 - (87 - 96).
-2
Evaluate 2 + -6 + 2 - -2.
0
Calculate 3 + 2 - 